ose -4*w - 2*f + 4*f = -64, 4*w - f = 62. What are the prime factors of 3/((w/4)/5)?
2
Suppose -9 + 21 = 3*n. Suppose 0 = n*o + 3*t - 198, -2*o + 2*t = o - 157. List the prime factors of o.
3, 17
Let y be 1148/(-8) - ((-1)/(-2) - -1). Let d = y + 241. What are the prime factors of d?
2, 3
Suppose 0 = 7*l - 2*l - 25. Suppose 5*m - 210 + 60 = 5*h, -15 = l*h. Suppose -5*n + 83 = 3*r + 2, n - 3*r = m. List the prime factors of n.
2, 3
What are the prime factors of (-13)/(91/(-12628)) + 7?
1811
Let z be -15 + 14 - (2 - 0). Let c(g) be the third derivative of -g**4/12 - 2*g**2. List the prime factors of c(z).
2, 3
Let f = -277 + 428. What are the prime factors of f?
151
Let a be (-5)/(-10) + (-2)/4. Suppose 431 = 4*s - 2*l - 185, 4*s + 3*l - 616 = a. What are the prime factors of s?
2, 7, 11
Let d(n) = -n - 16. Let v = -17 - -8. Let t be d(v). What are the prime factors of (t/3)/(4/(-36))?
3, 7
Suppose 2*s = 4*d + 3 + 1, -4*d + 20 = 4*s. List the prime factors of (21 + 1)*-1*d/(-2).
11
Let r = 279 + -208. List the prime factors of r.
71
Let j(a) = 2*a**2 + 3*a - 1. Let f = 7 + -5. Suppose 11 - 19 = f*y. What are the prime factors of j(y)?
19
Suppose -5*c - 2912 = -3*y + 3065, -1999 = -y + 5*c. What are the prime factors of y?
3, 13, 17
Let n(q) be the first derivative of -q**3/3 + 17*q**2/2 + 20*q - 8. Let s be n(18). Suppose -7 = -s*a - 1. List the prime factors of a.
3
Let g(b) = -b**2 - 4*b. Let n be g(-3). Suppose -d + 2*d = -t + 2, n*t = -d - 2. Suppose 3*v - 62 + 9 = 2*u, 63 = d*v + 5*u. What are the prime factors of v?
17
Suppose x = 5*q + 20, 5*x + 3 = -4*q + 16. Let j be x/(-3) - 4/(-6). List the prime factors of j/(2/(-10)) - -1.
2, 3
Let v(p) = p**3 + 27*p**2 - 55*p - 213. List the prime factors of v(-27).
2, 3, 53
Suppose -3*d + 131 = -1864. What are the prime factors of d?
5, 7, 19
Let u = -32 - -32. Suppose 6*g - 3*g + 378 = 3*l, -2*l + 3*g + 247 = u. What are the prime factors of l?
131
Let f(d) = d**2 + 11*d - 3. Let i be f(-12). Let g be (-2 + 3/1)*1. What are the prime factors of (6 - 3) + i*g?
2, 3
Suppose -4*v + 9 = -v. Suppose 112 = 5*j - x, -v*x + 104 = j + 4*j. Suppose 2*b + b + 2*o = j, 5*b - o - 54 = 0. List the prime factors of b.
2, 5
Suppose 2*l - 5*l = -12. Let h(t) = -t**2 + 2*t + 5. Let y be h(l). What are the prime factors of ((-3)/(-6))/(y/(-84))?
2, 7
Let n = -998 + 947. Let o be 1 + 6 - 0 - 1. List the prime factors of (n/(-6))/(1/o).
3, 17
Let g be (8/12)/(6/(-9)). What are the prime factors of 2*g*62/(-4)?
31
Suppose -5*j = -19*j + 224. List the prime factors of j/96 + 377/6.
3, 7
Let y(m) = -m**3 - m**2 + 215. Let i be y(0). What are the prime factors of i/2*26/65?
43
Let z = 27 + -25. Let j be 4380/140 + z/(-7). Let u = j - -29. What are the prime factors of u?
2, 3, 5
Let r(x) = 13*x - 13. Suppose -5*m + 1 - 16 = 0. Let c be 4*(1 - (m - -3)). List the prime factors of r(c).
3, 13
Suppose 0 = 13*v - 5*v - 40. What are the prime factors of 127/(v/(-15)*-3)?
127
Let c(s) = -s**3 - s + 1. Suppose 5*q = -3*n + q + 31, 0 = 4*n - 3*q - 8. Suppose 0 = f + 5*r + 22, 3 = -3*f + 2*r + n. What are the prime factors of c(f)?
11
Let h = 266 + -64. List the prime factors of h.
2, 101
Let j = 63 - 61. Suppose 22 = 2*q - 3*a, -2*q - 3*a + 3 = q. Suppose n - q*t + 7 = 2*n, -5*t + 24 = j*n. List the prime factors of n.
17
Suppose 3*b + 2*v + 2*v - 30 = 0, 58 = 5*b + 4*v. Suppose -9 = -o + b. What are the prime factors of o?
23
Suppose -2*f + 7 + 1 = 0. Suppose 2*m = -3*n + 17, f*m - 5*n - 9 = 2*m. What are the prime factors of m?
7
Let a(c) = -c**3 + 7*c**2 - 3*c + 9. Suppose -3*i + 33 = -3*d, 36 - 7 = 3*i - 2*d. Let s be a(i). List the prime factors of (-2)/s - (-231)/18.
13
Let v = -411 + 308. Suppose 4*z + 3*l = -268, -2*z - 208 = 2*l - 76. Let j = z - v. List the prime factors of j.
3, 11
Let j = -1361 + 3230. What are the prime factors of j?
3, 7, 89
Let a be 3/(27/366)*3. Let u = -60 + a. What are the prime factors of u?
2, 31
Let k = 16 - 12. Suppose k*n - 3 = f, 9*f + n - 27 = 4*f. What are the prime factors of (0/f - 2) + 41?
3, 13
Let v = 1416 - 771. What are the prime factors of v?
3, 5, 43
Suppose -x = 3*t - 597, -x - 114 = -4*t - 746. List the prime factors of x.
2, 3, 17
Let x be ((-20)/1)/(1 + -2). Let y(f) = -f + 1. Let k be y(6). List the prime factors of 22/8 - k/x.
3
Suppose 3*r = 2 + 10. Suppose -r*n - n = -15. Suppose -x + 4 + 3 = n*i, -3*x - 4*i = -26. What are the prime factors of x?
2, 5
List the prime factors of (-1539)/(46/(-36) + (-26)/117).
2, 3, 19
Suppose -67*v + 6685 = -60*v. List the prime factors of v.
5, 191
Let x(a) = -a**3 + 7*a**2 - 5*a + 4. Suppose -22 = -3*m + 2. Suppose -r - 4*o = -m, -3*r + o + 0*o = -11. What are the prime factors of x(r)?
2
Suppose 2*a - 797 = 133. List the prime factors of a.
3, 5, 31
Let w(u) = 7*u**2 - 5*u - 2. Let h be w(-2). List the prime factors of 2/8*10*(-2 + h).
5, 17
Let c(i) = 150*i - 14. What are the prime factors of c(3)?
2, 109
Let y = -196 + 1400. What are the prime factors of y?
2, 7, 43
List the prime factors of (332/(-3))/((-76)/18 - -4).
2, 3, 83
Suppose -2259 - 14065 = -14*j. List the prime factors of j.
2, 11, 53
Let y(v) be the first derivative of -v**3/3 - 5*v**2/2 - 2*v + 5. Let b be y(-4). Suppose -3*h + b*h = -6. List the prime factors of h.
2, 3
What are the prime factors of (-2468)/(-14) - (-8)/(-28)?
2, 11
Suppose l - 2296 = -3*b, -2*b + 1924 - 386 = -3*l. What are the prime factors of b?
2, 383
Let v be (-1)/(2/4)*(-3)/2. Suppose -4*f = 4, -2*w - v*w + 3*f + 618 = 0. What are the prime factors of w?
3, 41
Let x be 6/(-6)*(-36)/(-3). List the prime factors of (x/(-18) + 350/24)*4.
61
Suppose 0 = -2*p + 5*z - 1, 6 = -p - 5*z - 2. Let g(i) = -2*i**3 + 1. List the prime factors of g(p).
5, 11
Let t = 31 + -43. Let f be (8/(-32))/(1/t). Suppose 2*l = f*l - 3*n - 17, 2*n = 2*l - 26. What are the prime factors of l?
11
Let n(b) = -b. Let f be n(9). Let v be 0/(7/((-21)/f)). Suppose -4*d = 3*h - 144, 5*h - 3*d + 14 - 225 = v. What are the prime factors of h?
2, 11
Suppose 2*f = f + 14. Let p = 17 - f. Suppose 3*r = -p*i + 51, 4*i = 3*r + 3*i - 59. List the prime factors of r.
19
Let n(d) = 2*d**2 + 4*d + 23. List the prime factors of n(-10).
3, 61
Suppose -475 = -j - 468. What are the prime factors of j?
7
Let q be (-108)/(-15) + 1/(-5) + -3. Suppose 4*v + s - 253 = 150, 0 = q*s + 4. What are the prime factors of v?
101
Suppose 29136 = 849*t - 841*t. What are the prime factors of t?
2, 3, 607
Let r(i) = -i + 178. What are the prime factors of r(-6)?
2, 23
Let v = -63 + -62. Let o = 41 - v. What are the prime factors of o?
2, 83
Let t(n) = 26*n**3 + 5*n**2 + 4*n - 4. What are the prime factors of t(4)?
2, 439
Let r(a) = 183*a + 2 - 183*a + 2*a**2. Let j be r(4). Suppose -3*k = -4*u - j - 26, 2*k - 63 = -5*u. List the prime factors of k.
2, 3
Let s(y) = y**2 + y + 9. Let i be s(0). Suppose 0 + 6 = 3*d. Suppose o - d*o = -i. What are the prime factors of o?
3
Let x = -1948 - -5394. What are the prime factors of x?
2, 1723
Let b(p) = 204*p + 3. Let v be (0 - -2)/(4/6). Let w be b(v). What are the prime factors of w/10 - 4/8?
61
Suppose 4*a - 628 = -4*d, -3*a + d + 235 = -252. Suppose 3*q = -2*m + 182, 0 = -3*q - 4*m + a + 17. What are the prime factors of q?
2, 31
Let u be (0 + 2)*((-6)/3 - -1). List the prime factors of (202/(-6))/(u/6) - 1.
2, 5
Let y = -290 + 538. Suppose 27 = 5*q - y. What are the prime factors of q?
5, 11
Let m = 55 - 53. List the prime factors of m.
2
Let a = -271 - -447. List the prime factors of a.
2, 11
Let n(i) = -5*i**3 + 3*i + 4. Let m(z) = -9*z**3 - z**2 + 7*z + 7. Let o(b) = 3*m(b) - 5*n(b). Let x be o(-4). Let u = x - 29. List the prime factors of u.
2, 7
Suppose -90 = -0*r - 3*r. Let t be (-34)/(-10) - 12/r. What are the prime factors of 20/t*3/2?
2, 5
Suppose -13*f = -11*f - 806. What are the prime factors of f?
13, 31
Let r(s) = s + 2. Let b be r(6). Suppose b*h = 7*h + 127. List the prime factors of h.
127
Suppose 0 = -2*f - l + 4*l + 45, -3*l = -4*f + 75. Suppose -o + 43 = -5*d, -4*d + d - f = 3*o. What are the prime factors of (0 + 13)*(d + 11)?
3, 13
Let v(p) = -2*p**3 + 48*p**2 - 43*p + 18. List the prime factors of v(23).
3, 29
Let z(j) = -58*j + 778. What are the prime factors of z(-20)?
2, 3, 17, 19
Let 